 = i - -6. What is the units digit of p?
5
Let k(q) = -8*q - 2. Let u be k(-2). Let y = -10 + u. Suppose 5*z - 1 = 5*w + 39, y*z - 23 = w. What is the units digit of z?
5
Suppose -m = -2*c - 1 - 21, -19 = -m + 3*c. Let d = m - 19. What is the units digit of d?
9
Let l be -10*(1 + (-21)/15). Suppose 90 = 5*f - l*y, f - 2*y - 37 = -5*y. What is the tens digit of f?
2
Suppose -5*w = -b - 0 + 12, 4 = -2*w. What is the units digit of ((-12)/10)/(b/(-15))?
9
Let m = 10 - 6. Suppose 10 = m*u + u. Suppose -4*c = -u - 2. What is the units digit of c?
1
Suppose -5*x + 26 = -599. What is the hundreds digit of x?
1
Let l(y) = 2*y - 4. Let b be l(5). What is the units digit of 58/b - (-4)/(-6)?
9
Let f(r) = r**2 - 9*r + 10. Let t be f(7). Let n be ((-5)/(-2))/(t/(-8)). Suppose g = n*b - g - 18, -13 = -2*b - 5*g. What is the units digit of b?
4
Suppose 2*w + g + 31 - 222 = 0, 0 = 5*w - 5*g - 470. What is the units digit of w?
5
Suppose -256 = -4*y + 4*h, 3*y - 300 = -2*y + h. What is the tens digit of y?
5
Let m(a) = a**3 + a**2 - 8*a - 2. What is the hundreds digit of m(5)?
1
Suppose 4*y + 28 = -4*a, a - 5*y + 29 = -2*a. Let i = 17 - 3. Let r = i + a. What is the units digit of r?
6
Let t be 13/4 - (-3)/(-12). Let b(r) = -12*r - 1. Let y(x) = -3*x. Let i(v) = 2*b(v) - 9*y(v). What is the units digit of i(t)?
7
Let k = 2 - 0. Let f be ((-2)/3)/(k/(-12)). Suppose 3*b = 4*z - 14, b = -b - f*z + 24. What is the units digit of b?
2
What is the units digit of 27 - -6 - (5 - 1)?
9
Let s(q) = -q**3 - 12*q**2 + 17*q + 2. What is the tens digit of s(-14)?
5
Let l(p) = 4 - 7 - 6 - p - p. What is the units digit of l(-8)?
7
Let w(s) = -3*s**2 + 3*s**2 + 5*s**2 + 4*s**2. Let n be (1/2 + -1)*-2. What is the units digit of w(n)?
9
Suppose -5*f + 174 = -2*f. What is the tens digit of f?
5
Suppose -4*c = -5*c + 68. What is the units digit of c?
8
What is the tens digit of (-12)/66 - 2384/(-44)?
5
Suppose 2*r + 84 = 4*a + 6*r, 6 = 3*r. Suppose -4*f + 5*m + 32 = -f, 0 = 2*f - m - a. Suppose 4*s = 4*z + 2*s - 6, -s = 4*z - f. What is the units digit of z?
2
Suppose 5*y - 2*s - 26 = -0*s, 3*s + 21 = 3*y. Let g = y + 8. Suppose 0*a + g = 2*a. What is the units digit of a?
6
Let c(r) = -r - 11. Let x be c(-10). What is the units digit of (x*1)/((-6)/24)?
4
Suppose 2*n = -2*n - 4. Let v(o) = -2*o. What is the units digit of v(n)?
2
Suppose 3*a = -j + a + 44, -2*a + 146 = 4*j. What is the tens digit of j?
3
Suppose 0*x - 105 = -3*x. What is the units digit of x?
5
Suppose 2*z = -2*z. Suppose 10 = -z*p + 5*p. Suppose -2*f = v - 5, 2*v + p*v + 35 = 3*f. What is the units digit of f?
5
What is the hundreds digit of 14/(-91) - 2381/(-13)?
1
Let l(h) = h**2 - 8*h - 6. Let r be l(9). Let n(y) = 5*y**2 - y - 3. What is the units digit of n(r)?
9
Suppose 4*a - 2*a = -3*n + 8, 0 = 4*n + 3*a - 12. What is the tens digit of (-3 - n/(-3)) + 16?
1
Let u be -2*2*(-2)/4. Suppose -2 = -u*b - 0. What is the units digit of b?
1
Let x be 1*(2 + 21) - 2. Suppose -d = -4 - x. Let n = d + -7. What is the units digit of n?
8
What is the units digit of 4/6 + 4352/51?
6
What is the tens digit of (0 - 2)*234/(-12)?
3
What is the tens digit of 5/(-10)*54/(-1)?
2
What is the units digit of 32/80 - (3356/(-10) - 1)?
7
Suppose 3*v = -5*x + 74, 3*x + 3*v - 40 = -v. What is the units digit of x?
6
Suppose 5*n + 15 = 2*x - 9, 4*x + 6 = n. Suppose -18 = -4*q + 2*q. Let j = q + n. What is the units digit of j?
3
Let c = -215 - -353. What is the hundreds digit of c?
1
Let c = -24 - -30. Suppose -c*u = -2*u - 64. What is the units digit of u?
6
Let n be 1 - (4 - (-6)/(-2)). Suppose n = t - 51 + 17. What is the tens digit of t?
3
Let u = 12 + -6. What is the units digit of u?
6
Suppose -2*c = -7*c + 15. Suppose -6 = -c*n - 2*r + 5, 6 = n + 3*r. What is the units digit of n?
3
Let f = 1 + 4. Suppose -r + 1 + f = 0. What is the units digit of r?
6
Let g = 438 + -186. What is the units digit of g?
2
Let x(v) = v**3 - 10*v**2 + 10*v + 8. Let q = -3 + 12. Let j be x(q). What is the tens digit of 0/(-7) - (-1 - j)?
1
Let b(z) = -z**2 - 11*z + 12. What is the tens digit of b(-9)?
3
Let h(v) = v**3 - 12*v**2 + 8*v - 12. What is the units digit of h(12)?
4
Let s(o) = 6*o**3 - 1. Let a be s(1). Suppose -a*g + 0*g = -705. What is the units digit of 3/18 - g/(-18)?
8
Suppose 0 = o - 3*o - 3*y + 340, -o = -4*y - 192. What is the tens digit of o?
7
Let s(f) = -7 - 4*f + 0 + f**2 + 7*f. Let h be s(-5). Suppose -h*r + 10 = -2*r. What is the tens digit of r?
1
Let r = 21 + -12. What is the units digit of (-3)/(-2 + r/5)?
5
What is the units digit of 68/3 - (-5)/15?
3
Let a = -3 - -5. Suppose 2*p - 3 = -p, a*y = -p + 25. What is the units digit of y?
2
What is the units digit of 121 + 0 + (-8 - -5)?
8
Suppose 3*k + 0 = 3*n + 57, -2*k + 40 = -3*n. What is the tens digit of k?
1
Let a(w) be the third derivative of 7*w**4/24 - 5*w**3/2 + 3*w**2. What is the tens digit of a(6)?
2
Let l be -1*(-2 + (1 - 1)). Let m be (-2 - l)/(-1)*2. Let p = m - -3. What is the tens digit of p?
1
Let s = 6 - 4. Suppose -s*x - x - 63 = 0. What is the units digit of ((-12)/18)/(2/x)?
7
What is the tens digit of 299/2 - (-6)/12?
5
Let q(d) = d**2 + 7*d + 6. Let t be q(-10). Suppose t + 42 = 3*l. What is the tens digit of l?
2
Let u be (-2)/(-5) - 146/(-10). Let b be -7 + (-5)/(5/2). Let k = u + b. What is the units digit of k?
6
Suppose x = 4*i - 4*x - 531, 2*i - 5*x = 263. What is the hundreds digit of i?
1
Let f(s) = s. Let v be (-2)/3 + (-14)/6. Let m be v*((-56)/6)/4. What is the units digit of f(m)?
7
Let x = 20 + -15. What is the units digit of x?
5
Let x be (3*1)/((-5)/115). Let a be 3*x/(-3) + -1. Suppose -4*l - l + i = -a, 0 = -4*i - 12. What is the units digit of l?
3
Let s be (-69)/21 - 4/(-14). Let w(m) = -m**3 + 5*m**2 + m + 1. Let f(n) = n**3 - 5*n**2 - 2*n. Let l(p) = s*w(p) - 2*f(p). What is the units digit of l(5)?
2
Let j(v) = 3*v**2 - 2*v - 1. Let d be j(-1). Suppose 4*m + 265 + 282 = g, d*g + 20 = 0. What is the tens digit of m/(-10) + 9/45?
1
Suppose -2*n = 10 - 0. Let p(t) = t + 7. What is the units digit of p(n)?
2
Let h(y) = -y**2 - 8*y + 4. Let p be h(-6). Let s = 27 - p. What is the tens digit of s?
1
Let f(n) = -n**3 + 8*n**2 - 2*n - 3. What is the tens digit of f(5)?
6
Let d = -111 + 55. What is the units digit of d/2*(-3 - -2)?
8
Let z = -4 - -11. Suppose 7 = -h - 0*h - 4*i, -h = -3*i - z. What is the units digit of h?
1
Suppose -2*d = -0*d - 24. Suppose -2*n + 2*u - 2 = 0, -4*n = -2*u - 3*u + 8. Suppose p - n*p = -d. What is the units digit of p?
6
Let q = 49 - 26. Let y(t) = -2*t + 9. Let g be y(6). What is the tens digit of q - (1 + g + 5)?
2
Let o(v) = v**3 + v**2 - 5*v + 7. What is the tens digit of o(4)?
6
Let z be (-1)/(-2 + 59/29). Let d = z - -93. What is the units digit of d/10 + 8/(-20)?
6
Let d(s) = s**3 - 6*s**2 + 9*s - 10. Suppose 3*b = 2*b + 5. What is the units digit of d(b)?
0
Let w be (18/4)/((-12)/16). Let f(u) = -u**2 - 7*u. Let o be f(w). Suppose 8*s - o*s = 4*c + 4, -3*c - 7 = -2*s. What is the units digit of s?
8
Suppose y + 3*y = 8. What is the tens digit of ((-2)/(-4))/(y/60)?
1
Let o = 77 + -37. Suppose -5*q + o = -20. Suppose 0 = -5*r - 5*w, -q = -3*r + w - 0*w. What is the units digit of r?
3
Let b(m) = -m**2 - 13*m + 3. Let i be b(-11). Suppose -4*g - i = -5*f + 33, -g + 45 = 3*f. What is the tens digit of f?
1
Let g = 28 + 10. What is the tens digit of g?
3
Let p = 10 + 18. Let n = p + -3. What is the units digit of n?
5
Let h(c) = -c + 14. What is the units digit of h(-13)?
7
Suppose t - 4 = -5*d + 3*t, -4*d + 17 = 3*t. Suppose 0 = v - 12 - d. Suppose v = 2*k - 2. What is the units digit of k?
8
Let m(v) = v**2 + 7*v + 8. Let g be m(-6). Suppose 4*x = -g*a + 8, x - 1 - 1 = 2*a. Suppose 0 = -2*n - a*n + 8. What is the units digit of n?
4
Let n = 121 + 55. What is the hundreds digit of n?
1
Let k = -38 + 79. What is the tens digit of k?
4
Suppose -367 = -3*q - 5*a, 5*q + 9*a - 595 = 4*a. What is the units digit of q?
4
Let a(m) = 3*m - 3. Let x be a(-6). Let o = 34 + x. What is the units digit of o?
3
Let k(c) = c**3 - c**2 + c - 16. Let n be k(0). Let q = -8 - 0. Let a = q - n. What is the units digit of a?
8
Suppose h + 10 = 2*a - 0, -5*a + 4*h = -31. Let f(r) = r**2 - 3. Let k be f(a). What is t